*((-4)/(-8) + 0). Let g(o) = -o**3 - 6*o**2 - 7*o - 5. Give g(c).
5
Let w(q) be the third derivative of -q**6/120 - q**5/30 + q**4/24 + q**3/3 - 2*q**2. Let k = -4 + 2. Determine w(k).
0
Let t(p) = p**2 - p + 11. Let b(w) = w + 1. Let g(v) = -5*b(v) + t(v). Suppose m + 2*k - 5 = 0, k + 30 = 4*m + 10. Calculate g(m).
1
Let r(a) = a**2 - 6*a + 7. Suppose -8*j - 18 + 58 = 0. Determine r(j).
2
Let q = 31 + -29. Let j(s) be the second derivative of 0 - 2/3*s**3 - 3*s + 0*s**q. Calculate j(1).
-4
Suppose 0*o = -2*o + 12. Let l(b) = b - 5. Give l(o).
1
Let b(f) = -f + 4. Suppose 15 = 4*c + 4*k - 1, 4*k = 0. Suppose -c*y - 24 = -7*y. Let g be 4/16 + (-2)/y. Calculate b(g).
4
Let l(h) be the third derivative of h**6/90 - h**5/120 + h**4/24 + h**3/6 + 2*h**2. Let f(m) be the first derivative of l(m). Determine f(1).
4
Let q(i) = -i**2 + 0*i**2 + 2 - 1. Let n be q(2). Let j = n + 3. Let o(w) = w**2 + w + 3. Calculate o(j).
3
Let u(z) = z**3 + 4*z**2 - z - 3. Suppose -6*y = -8*y - 6. Give u(y).
9
Suppose -b + 0 + 1 = -4*s, 2*s = 4*b - 4. Let a(u) = -3*u**2 - u + 1. Determine a(b).
-3
Suppose 25 + 15 = 5*i. Let o = i - 7. Let d(x) = -x**3 + x**2. Give d(o).
0
Let b(t) = -9*t - 1. Let h be 8/6*(-21)/(-14). Let q be (1/(-2))/(1/h). Determine b(q).
8
Suppose -4 = 2*c - 14. Let b(j) = -2*j**2 + j**3 + 0*j**3 - 3*j**2 - 6. Determine b(c).
-6
Let a(i) = -i**3 - 4*i**2 + 2*i + 5. Let r = -1 - -1. Let n = -1 - r. Let k be (0 + n)/1 + -3. Determine a(k).
-3
Let o be -2 + 9/3 + 0. Suppose 3*m + 1 = -2*n, 4*n - o = -0*n - 3*m. Let x(q) be the third derivative of q**4/12 - q**3/6 + 2*q**2. Determine x(n).
1
Let r = -27 - 0. Let d(z) = z + 0*z + 4 - 4*z. Let g(m) = 21*m - 27. Let v(p) = r*d(p) - 4*g(p). Give v(2).
-6
Let f(w) = -5*w**3 - 4*w**2 + 7*w - 4. Let n = -16 + 29. Let a(u) = -11*u**3 - 8*u**2 + 15*u - 9. Let b(i) = n*f(i) - 6*a(i). Determine b(4).
6
Let w(c) = c - c + 10 + c + 0*c. Let x = -19 + 19. What is w(x)?
10
Let u(r) be the first derivative of r**2 + 5*r - 13. Calculate u(-4).
-3
Suppose -5*b = 5*u - 5, 5*b - 18 = b + 3*u. Let v(t) be the first derivative of -1/3*t**b + 1 - 3*t + t**2. Give v(3).
-6
Let h(m) = -2*m**3 - m**2 - m - 1. Let r be h(-1). Suppose -10*p + 6*p + 8 = 0. Let a(n) = 0*n + p*n + n. Calculate a(r).
3
Let k(t) = 17*t + 5*t**2 - 17*t. Give k(-1).
5
Let z be 45/20 + 2/(-8). Let x(q) = -6*q**z - 2*q + q**3 - 3 + 8*q + q. What is x(5)?
7
Let v(s) be the first derivative of s**4/4 - 2*s**3/3 - 2*s + 17. Determine v(3).
7
Let j(w) be the third derivative of w**8/20160 + w**7/720 + w**6/120 - w**5/60 - 2*w**2. Let d(f) be the third derivative of j(f). Give d(-4).
-6
Let a(v) = v**2 + 1. Let l be a(-2). Suppose -4*w + y + l = -2, 4*y - 6 = -w. Let q(m) = 1 + 4*m**2 + m**w - 2*m**2. Give q(-1).
4
Let s(a) be the second derivative of -a**6/180 + 2*a**4/3 - 7*a. Let h(k) be the third derivative of s(k). Calculate h(-1).
4
Let n = 0 - 4. Let x(q) = 2*q**3 + 3*q**2 - 7*q + 15. Let y(a) = a**3 + a**2 - 4*a + 8. Let s(z) = n*x(z) + 7*y(z). Determine s(-5).
-4
Let f(y) = 0 - 10*y + 3*y - 2 + 5*y. Let l(x) = -x**2 + 3*x + 7. Let t(m) = m**2 + 4*m - 7. Let z be t(-6). Let n be l(z). Calculate f(n).
4
Let f be ((0 + 4)*(3 + -2))/6. Let u(s) be the second derivative of 5/2*s**2 + 0 + 2*s + f*s**3. Give u(-4).
-11
Let p(w) = 2*w**3 + w**2 + w - 1. Let c be p(1). Suppose -c*u = -16 + 4. Let q(b) = 2*b**2 - 6*b + 1. Determine q(u).
9
Let x(l) = l - 4. Let a(u) = u. Let n(y) = -2*a(y) - x(y). Suppose t - 12 = -3*t. Calculate n(t).
-5
Let l(k) be the first derivative of -k**2/2 + 3*k + 2. Calculate l(0).
3
Suppose -l + 2*l = 2. Suppose -2*y = 3*v + 8, -1 = l*y - 11. Let t(q) = -q**2 - 7*q. Let d be t(v). Let h(j) = -j + 11. Determine h(d).
5
Let g(k) = -9*k + 4 - 4 + 3*k - 4. Suppose -5 + 26 = -3*t + 3*o, -2*o = -5*t - 23. Determine g(t).
14
Let y(x) be the third derivative of -x**6/120 + x**5/12 + x**4/24 + x**3/3 - x**2 + 4. Determine y(5).
7
Suppose -2*x = z + 2, 0 = -4*x + z - 1 - 3. Let o be 22/6 - x/3. Let r(t) be the second derivative of -t**4/12 + t**3/2 + 2*t**2 - 3*t. What is r(o)?
0
Let q(i) = -i**2 + 1. Let l(v) = -3*v**2 + v - 4. Let z(u) = -l(u) + 4*q(u). Suppose 2*j - 4 + 2 = 0. Let f be (0 - 0)/(1 + j). Determine z(f).
8
Let k = 2 - -3. Let c(u) = -2*u**2 + 3*u - 7. Let q(d) = -d**2 + d - 4. Let t(h) = 3*c(h) - 5*q(h). What is t(k)?
-6
Let v(c) be the third derivative of -1/60*c**5 + 1/6*c**3 + 0 - 1/120*c**6 + 0*c + 1/6*c**4 - 5*c**2. Calculate v(-3).
7
Let v = 6 - 3. Let b(o) = o - 3 - 4*o + v*o**2 + o**3 - 1 + 0*o. Calculate b(-3).
5
Let v(a) = -2*a**2 + 4*a + 4 + 3*a**2 - 4*a. Let z = 4 + -4. Determine v(z).
4
Let r(j) be the third derivative of -j**6/360 - j**5/30 - j**4/6 + j**3/2 - 3*j**2. Let f(h) be the first derivative of r(h). Determine f(-5).
-9
Let v(x) = -7*x**2 + 0*x**3 + 8*x**2 - 1 - 5*x - 8*x**2 - x**3. Calculate v(-4).
-29
Let d(a) = -5*a - 1. Let x(h) = 11*h + 2. Let v(p) = -9*d(p) - 4*x(p). Calculate v(-3).
-2
Let l = -7 - -7. Suppose 3*z - 1 = 4*f - l, -2 = -z + f. Let b(d) = 4*d - 3 - d**2 + z + 3. What is b(5)?
2
Let f(c) be the third derivative of c**4/8 - 5*c**3/6 - c**2. Let m be (1 - -7) + 6/(-4)*2. Calculate f(m).
10
Let f(x) = -8*x + 1. Let r be (-9)/(-6)*(-24)/(-9). Let p(c) = c**2 - 4*c + 1. Let m be p(r). What is f(m)?
-7
Let l(r) = 2*r - 10. Let j be l(5). Let t(m) = j*m + 5 - 2 + 1 - m. Give t(5).
-1
Let u(l) = l**2 - 3*l - 1. Suppose 0 = -4*d - 2*b + 7*b + 12, 0 = 3*d + 5*b - 9. Let g(q) = 3*q**2 - 9*q - 4. Let a(j) = d*g(j) - 8*u(j). What is a(6)?
14
Let n(p) be the third derivative of 0*p**4 + 1/3*p**3 + 0*p + 2*p**2 - 1/60*p**5 + 0. Determine n(-2).
-2
Let v(m) be the first derivative of 3*m**2/2 - 4*m - 1. Let h(p) = -1. Let f(q) = -5*h(q) + v(q). Suppose 2*j + 2*j = -5*x + 4, -3*j + 3 = -3*x. Calculate f(j).
4
Suppose -1 = 4*s - 13. Let c(j) be the second derivative of -3/2*j**2 - 1/6*j**4 + 1/20*j**5 + 0 + j - 1/3*j**3. What is c(s)?
0
Let i(s) be the second derivative of -s**3/6 - 9*s**2/2 + 5*s. What is i(0)?
-9
Let s(w) be the second derivative of -3/2*w**2 + 3*w + 0 + 1/3*w**3. What is s(3)?
3
Suppose -3*y + 27 = 5*n + 3, -4*y = n - 15. Let k(l) = l - 2. Calculate k(n).
1
Suppose -5 = 2*u - 15. Let o = -3 + u. Let d(q) = -2 + 0*q**3 + q**3 + 4*q - o*q - 4*q**2. What is d(3)?
-5
Let s(b) = 5 - 3*b - 4 + 0 + 4*b. Let h(u) = -5*u - 2. Let o(x) = h(x) + 2*s(x). Calculate o(2).
-6
Let u(z) = -4*z**3 - z**2. Let r be 21/27 - 2/(-9). Let x be u(r). Let w(g) = -g**2 - 6*g + 1. What is w(x)?
6
Let c(m) be the third derivative of 0 + 1/24*m**4 + 0*m - m**2 + 0*m**3. Determine c(-6).
-6
Let p(v) = v**2 + v - 1. Let u(n) = -7*n - 7. Let a(r) = -p(r) + u(r). Determine a(-6).
6
Let d(b) = 2*b**2 - 2*b - 1. Suppose -3*n = -7 - 2. Determine d(n).
11
Suppose 2*g - 2 - 2 = 0. Let w(k) = 16 - g*k - 2 + 4*k - 3*k. What is w(0)?
14
Let a(h) = -2*h - h**2 + 0*h**2 - 315 + 6*h + 313. Determine a(3).
1
Let y(v) = -4*v**2 + 12*v + 5. Let j(d) = 5*d**2 - 13*d - 5. Let c(h) = 5*j(h) + 6*y(h). Let r(m) = -m**2 + 15*m - 19. Let g be r(14). What is c(g)?
-5
Suppose 3*z + 10 = -2*z. Let i(u) = -u - 2. Calculate i(z).
0
Let q(f) be the first derivative of -1/120*f**5 - 1/3*f**3 + 0*f**4 - 2 + 0*f + 0*f**2. Let m(w) be the third derivative of q(w). Calculate m(0).
0
Let o(b) be the third derivative of b**5/60 - b**4/3 - b**3/6 + 24*b**2. Give o(7).
-8
Let a(u) = u**2 - 1. Let y be a(0). Let q(l) = -8*l**2 - 2*l - 1. Give q(y).
-7
Suppose -29 = -5*l - 4. Let h(x) = l*x**3 - 4*x**3 + 4*x**2 + 2 - 5*x**2. Calculate h(2).
6
Let b(h) = 2*h**2 - 2*h - 8. Let l be b(-2). Let n(q) = -q**3 + 4*q**2 - 2*q - 3. Give n(l).
-11
Let o(m) = -m**3 + 2*m**2 - m + 7. Let s(n) = 4*n**3 - 7*n**2 + 3*n - 21. Let l(y) = -7*o(y) - 2*s(y). Calculate l(0).
-7
Let k(w) = 6 - 6 - 5*w + 4*w. Give k(-1).
1
Let x(w) = -2*w + 4*w - 6 + 1 - w. Give x(5).
0
Suppose -2*g - g = d - 7, -5 = d. Let x(c) = c + 3 - g*c - c + c**2. Give x(5).
8
Suppose -w - 3*f - 13 = 0, 5*w - f + 11 = -22. Let v(m) = -m**3 - 7*m**2 - 1. Let l be v(w). Let r(y) = 7*y - 1. What is r(l)?
-8
Suppose -42 = 7*j - 0. Let s(l) = -l**2 - 6*l + 5. Determine s(j).
5
Let d(b) be the third derivative of b**6/120 - b**5/60 - b**4/12 - b**3/2 + b**2. Suppose 0 = 2*u - 3*z, -3*u = -3*z - 2 - 1. 